{"id":436,"date":"2025-10-27T07:43:33","date_gmt":"2025-10-27T07:43:33","guid":{"rendered":"https:\/\/staging.foodgenius.de\/?page_id=436"},"modified":"2025-11-12T14:40:19","modified_gmt":"2025-11-12T14:40:19","slug":"preise","status":"publish","type":"page","link":"https:\/\/staging.foodgenius.de\/?page_id=436","title":{"rendered":"Preise"},"content":{"rendered":"<!-- wp:themify-builder\/canvas \/-->","protected":false},"excerpt":{"rendered":"","protected":false},"author":1,"featured_media":0,"parent":0,"menu_order":0,"comment_status":"closed","ping_status":"closed","template":"","meta":{"content-type":"","footnotes":""},"class_list":["post-436","page","type-page","status-publish","hentry","has-post-title","has-post-date","has-post-category","has-post-tag","has-post-comment","has-post-author",""],"yoast_head":"<!-- This site is optimized with the Yoast SEO plugin v27.4 - https:\/\/yoast.com\/product\/yoast-seo-wordpress\/ -->\n<title>Preise - FoodGenius\u00b2 - Dein smarter Restaurant Manager<\/title>\n<meta name=\"robots\" content=\"index, follow, max-snippet:-1, max-image-preview:large, max-video-preview:-1\" \/>\n<link rel=\"canonical\" href=\"https:\/\/staging.foodgenius.de\/?page_id=436\" \/>\n<meta property=\"og:locale\" content=\"de_DE\" \/>\n<meta property=\"og:type\" content=\"article\" \/>\n<meta property=\"og:title\" content=\"Preise - FoodGenius\u00b2 - Dein smarter Restaurant Manager\" \/>\n<meta property=\"og:url\" content=\"https:\/\/staging.foodgenius.de\/?page_id=436\" \/>\n<meta property=\"og:site_name\" content=\"FoodGenius\u00b2 - Dein smarter Restaurant Manager\" \/>\n<meta property=\"article:modified_time\" content=\"2025-11-12T14:40:19+00:00\" \/>\n<meta name=\"twitter:card\" content=\"summary_large_image\" \/>\n<script type=\"application\/ld+json\" class=\"yoast-schema-graph\">{\"@context\":\"https:\\\/\\\/schema.org\",\"@graph\":[{\"@type\":\"WebPage\",\"@id\":\"https:\\\/\\\/staging.foodgenius.de\\\/?page_id=436\",\"url\":\"https:\\\/\\\/staging.foodgenius.de\\\/?page_id=436\",\"name\":\"Preise - FoodGenius\u00b2 - Dein smarter Restaurant Manager\",\"isPartOf\":{\"@id\":\"https:\\\/\\\/staging.foodgenius.de\\\/#website\"},\"datePublished\":\"2025-10-27T07:43:33+00:00\",\"dateModified\":\"2025-11-12T14:40:19+00:00\",\"breadcrumb\":{\"@id\":\"https:\\\/\\\/staging.foodgenius.de\\\/?page_id=436#breadcrumb\"},\"inLanguage\":\"de\",\"potentialAction\":[{\"@type\":\"ReadAction\",\"target\":[\"https:\\\/\\\/staging.foodgenius.de\\\/?page_id=436\"]}]},{\"@type\":\"BreadcrumbList\",\"@id\":\"https:\\\/\\\/staging.foodgenius.de\\\/?page_id=436#breadcrumb\",\"itemListElement\":[{\"@type\":\"ListItem\",\"position\":1,\"name\":\"Startseite\",\"item\":\"https:\\\/\\\/staging.foodgenius.de\\\/\"},{\"@type\":\"ListItem\",\"position\":2,\"name\":\"Preise\"}]},{\"@type\":\"WebSite\",\"@id\":\"https:\\\/\\\/staging.foodgenius.de\\\/#website\",\"url\":\"https:\\\/\\\/staging.foodgenius.de\\\/\",\"name\":\"FoodGenius\u00b2 - Dein smarter Restaurant Manager\",\"description\":\"\",\"potentialAction\":[{\"@type\":\"SearchAction\",\"target\":{\"@type\":\"EntryPoint\",\"urlTemplate\":\"https:\\\/\\\/staging.foodgenius.de\\\/?s={search_term_string}\"},\"query-input\":{\"@type\":\"PropertyValueSpecification\",\"valueRequired\":true,\"valueName\":\"search_term_string\"}}],\"inLanguage\":\"de\"}]}<\/script>\n<!-- \/ Yoast SEO plugin. -->","yoast_head_json":{"title":"Preise - FoodGenius\u00b2 - Dein smarter Restaurant Manager","robots":{"index":"index","follow":"follow","max-snippet":"max-snippet:-1","max-image-preview":"max-image-preview:large","max-video-preview":"max-video-preview:-1"},"canonical":"https:\/\/staging.foodgenius.de\/?page_id=436","og_locale":"de_DE","og_type":"article","og_title":"Preise - FoodGenius\u00b2 - Dein smarter Restaurant Manager","og_url":"https:\/\/staging.foodgenius.de\/?page_id=436","og_site_name":"FoodGenius\u00b2 - Dein smarter Restaurant Manager","article_modified_time":"2025-11-12T14:40:19+00:00","twitter_card":"summary_large_image","schema":{"@context":"https:\/\/schema.org","@graph":[{"@type":"WebPage","@id":"https:\/\/staging.foodgenius.de\/?page_id=436","url":"https:\/\/staging.foodgenius.de\/?page_id=436","name":"Preise - FoodGenius\u00b2 - Dein smarter Restaurant Manager","isPartOf":{"@id":"https:\/\/staging.foodgenius.de\/#website"},"datePublished":"2025-10-27T07:43:33+00:00","dateModified":"2025-11-12T14:40:19+00:00","breadcrumb":{"@id":"https:\/\/staging.foodgenius.de\/?page_id=436#breadcrumb"},"inLanguage":"de","potentialAction":[{"@type":"ReadAction","target":["https:\/\/staging.foodgenius.de\/?page_id=436"]}]},{"@type":"BreadcrumbList","@id":"https:\/\/staging.foodgenius.de\/?page_id=436#breadcrumb","itemListElement":[{"@type":"ListItem","position":1,"name":"Startseite","item":"https:\/\/staging.foodgenius.de\/"},{"@type":"ListItem","position":2,"name":"Preise"}]},{"@type":"WebSite","@id":"https:\/\/staging.foodgenius.de\/#website","url":"https:\/\/staging.foodgenius.de\/","name":"FoodGenius\u00b2 - Dein smarter Restaurant Manager","description":"","potentialAction":[{"@type":"SearchAction","target":{"@type":"EntryPoint","urlTemplate":"https:\/\/staging.foodgenius.de\/?s={search_term_string}"},"query-input":{"@type":"PropertyValueSpecification","valueRequired":true,"valueName":"search_term_string"}}],"inLanguage":"de"}]}},"builder_content":"<h3>Kassenmodul<\/h3> <p>Kassensystem f\u00fcr Restaurants und Lebensmittelbetriebe<\/p>\n<p>Die smarte Kasse f\u00fcr deinen Betrieb - Bestellungen erfassen, Zahlungen abwickeln und alle Abl\u00e4ufe rechtssicher steuern.<\/p>\n<a href=\"https:\/\/themify.me\/\" > Starter <\/a>\n<p><strong>29 \u20ac \/ Monat<\/strong><\/p>\n<a href=\"https:\/\/themify.me\/\" > Pro <\/a>\n<p><strong>89 \u20ac \/ Monat<\/strong><\/p>\n<a href=\"https:\/\/themify.me\/\" > Genius <\/a>\n<p><strong>199 \u20ac \/ Monat<\/strong><\/p>\n<h3>Lieferdienstmodul<\/h3> <p>Lieferdienstverwaltungssystem<\/p>\n<p>Deine Zentrale f\u00fcr Lieferungen \u2013 Bestellungen b\u00fcndeln, Fahrer steuern und jede Lieferung transparent bis zur Haust\u00fcr nachverfolgen.<\/p>\n<a href=\"https:\/\/themify.me\/\" > Starter <\/a>\n<p><strong>19 \u20ac \/ Monat<\/strong><\/p>\n<a href=\"https:\/\/themify.me\/\" > Pro <\/a>\n<p><strong>49 \u20ac \/ Monat<\/strong><\/p>\n<a href=\"https:\/\/themify.me\/\" > Genius <\/a>\n<p><strong>99 \u20ac \/ Monat<\/strong><\/p>\n<h3>Restaurantmodul<\/h3> <p>Restaurant- und Tischverwaltung<\/p>\n<p>Der digitale Service f\u00fcr dein Lokal \u2013 Tische organisieren, Bestellungen koordinieren und Abl\u00e4ufe zwischen Service und K\u00fcche harmonisieren.<\/p>\n<a href=\"https:\/\/themify.me\/\" > Starter <\/a>\n<p><strong>19 \u20ac \/ Monat<\/strong><\/p>\n<a href=\"https:\/\/themify.me\/\" > Pro <\/a>\n<p><strong>49 \u20ac \/ Monat<\/strong><\/p>\n<a href=\"https:\/\/themify.me\/\" > Genius <\/a>\n<p><strong>99 \u20ac \/ Monat<\/strong><\/p>\n<h3>KI-Kommunikationsmodul<\/h3> <p>KI-gest\u00fctztes Kommunikations- und Bestellsystem<\/p>\n<p>Die clevere Assistenz f\u00fcr deine G\u00e4ste \u2013 Anfragen automatisch beantworten, Reservierungen entgegennehmen und Kan\u00e4le zentral verwalten.<\/p>\n<a href=\"https:\/\/themify.me\/\" > Starter <\/a>\n<p><strong>49 \u20ac \/ Monat<\/strong><\/p>\n<a href=\"https:\/\/themify.me\/\" > Pro <\/a>\n<p><strong>99 \u20ac \/ Monat<\/strong><\/p>\n<a href=\"https:\/\/themify.me\/\" > Genius <\/a>\n<p><strong>199 \u20ac \/ Monat<\/strong><\/p>\n<h3>Onlineshop<\/h3> <p>Online-Bestellplattform und E-Commerce-System<\/p>\n<p>Dein digitaler Verkaufstresen \u2013 Produkte online pr\u00e4sentieren, Bestellungen annehmen und Abholung oder Lieferung nahtlos abwickeln.<\/p>\n<a href=\"https:\/\/themify.me\/\" > Starter <\/a>\n<p><strong>19 \u20ac \/ Monat<\/strong><\/p>\n<a href=\"https:\/\/themify.me\/\" > Pro <\/a>\n<p><strong>99 \u20ac \/ Monat<\/strong><\/p>\n<a href=\"https:\/\/themify.me\/\" > Genius <\/a>\n<p><strong>249 \u20ac \/ Monat<\/strong><\/p>\n<h3>Schnittstellenmodul<\/h3> <p>Drittanbieter-Integrationen und APIs<\/p>\n<p>Die Verbindung zu deiner Systemwelt \u2013 Kassendaten, Warenwirtschaft und Buchhaltung sicher verkn\u00fcpfen und doppelte Arbeit vermeiden.<\/p>\n<a href=\"https:\/\/themify.me\/\" > Starter <\/a>\n<p><strong>9 \u20ac \/ Monat<\/strong><\/p>\n<h3>Loyality-Modul<\/h3> <p>Kundenbindungs- und Gutscheinverwaltung<\/p>\n<p>Das Plus f\u00fcr Stammg\u00e4ste \u2013 Punkte sammeln, Vorteile einl\u00f6sen und mit pers\u00f6nlichen Aktionen f\u00fcr echte Kundentreue sorgen.<\/p>\n<a href=\"https:\/\/themify.me\/\" > Starter <\/a>\n<p><strong>9 \u20ac \/ Monat<\/strong><\/p>\n<a href=\"https:\/\/themify.me\/\" > Pro <\/a>\n<p><strong>39 \u20ac \/ Monat<\/strong><\/p>\n<a href=\"https:\/\/themify.me\/\" > Genius <\/a>\n<p><strong>99 \u20ac \/ Monat<\/strong><\/p>\n<h3>Franchisemodul<\/h3> <p>Franchise-Verwaltung und Multi-Standort-Unterst\u00fctzung<\/p>\n<p>Die Steuerzentrale f\u00fcr dein Netzwerk \u2013 Standorte einheitlich steuern, Kennzahlen vergleichen und Standards einfach durchsetzen.<\/p>\n<a href=\"https:\/\/themify.me\/\" > Starter <\/a>\n<p><strong>0 \u20ac \/ Monat<\/strong><\/p>\n<a href=\"https:\/\/themify.me\/\" > Pro <\/a>\n<p><strong>0 \u20ac \/ Monat<\/strong><\/p>\n<a href=\"https:\/\/themify.me\/\" > Genius <\/a>\n<p><strong>0 \u20ac \/ Monat<\/strong><\/p>\n<h3>Auswertungsmodul<\/h3> <p>Analyse- und Berichtsdashboard<\/p>\n<p>Dein Blick auf alle Zahlen \u2013 Ums\u00e4tze, Auslastung und Performance in Echtzeit auswerten und fundierte Entscheidungen treffen.<\/p>\n<a href=\"https:\/\/themify.me\/\" > Starter <\/a>\n<p><strong>0 \u20ac \/ Monat<\/strong><\/p>\n<a href=\"https:\/\/themify.me\/\" > Pro <\/a>\n<p><strong>9 \u20ac \/ Monat<\/strong><\/p>\n<a href=\"https:\/\/themify.me\/\" > Genius <\/a>\n<p><strong>29 \u20ac \/ Monat<\/strong><\/p>\n<h3>HACCP-Modul<\/h3> <p>Lebensmittelsicherheit und Compliance-Verwaltung<\/p>\n<p>Die digitale Hygieneabsicherung \u2013 Temperaturkontrollen dokumentieren, Checklisten abarbeiten und Nachweise rechtssicher archivieren.<\/p>\n<a href=\"https:\/\/themify.me\/\" > Starter <\/a>\n<p><strong>19 \u20ac \/ Monat<\/strong><\/p>\n<a href=\"https:\/\/themify.me\/\" > Pro <\/a>\n<p><strong>29 \u20ac \/ Monat<\/strong><\/p>\n<a href=\"https:\/\/themify.me\/\" > Genius <\/a>\n<p><strong>99 \u20ac \/ Monat<\/strong><\/p>\n<h3>SOT-Modul<\/h3> <p>Selbstbedienungs-Terminalsystem<\/p>\n<p>Die Bestellstation f\u00fcr deine G\u00e4ste \u2013 selbstst\u00e4ndig ausw\u00e4hlen, direkt bestellen und K\u00fcche sowie Service automatisch entlasten.<\/p>\n<a href=\"https:\/\/themify.me\/\" > Starter <\/a>\n<p><strong>29 \u20ac \/ Monat<\/strong><\/p>\n<a href=\"https:\/\/themify.me\/\" > Pro <\/a>\n<p><strong>49 \u20ac \/ Monat<\/strong><\/p>\n<a href=\"https:\/\/themify.me\/\" > Genius <\/a>\n<p><strong>69 \u20ac \/ Monat<\/strong><\/p>\n<h3>Marketing-Modul<\/h3> <p>Marketingkampagnen- und Social-Media-Verwaltung<\/p>\n<p>Dein Werkzeug f\u00fcr mehr Sichtbarkeit \u2013 Kampagnen planen, Aktionen ausspielen und G\u00e4ste \u00fcber Newsletter und Social Media erreichen.<\/p>\n<a href=\"https:\/\/themify.me\/\" > Starter <\/a>\n<p><strong>49 \u20ac \/ Monat<\/strong><\/p>\n<a href=\"https:\/\/themify.me\/\" > Pro <\/a>\n<p><strong>199 \u20ac \/ Monat<\/strong><\/p>\n<a href=\"https:\/\/themify.me\/\" > Genius <\/a>\n<p><strong>999 \u20ac \/ Monat<\/strong><\/p>","_links":{"self":[{"href":"https:\/\/staging.foodgenius.de\/index.php?rest_route=\/wp\/v2\/pages\/436","targetHints":{"allow":["GET"]}}],"collection":[{"href":"https:\/\/staging.foodgenius.de\/index.php?rest_route=\/wp\/v2\/pages"}],"about":[{"href":"https:\/\/staging.foodgenius.de\/index.php?rest_route=\/wp\/v2\/types\/page"}],"author":[{"embeddable":true,"href":"https:\/\/staging.foodgenius.de\/index.php?rest_route=\/wp\/v2\/users\/1"}],"replies":[{"embeddable":true,"href":"https:\/\/staging.foodgenius.de\/index.php?rest_route=%2Fwp%2Fv2%2Fcomments&post=436"}],"version-history":[{"count":62,"href":"https:\/\/staging.foodgenius.de\/index.php?rest_route=\/wp\/v2\/pages\/436\/revisions"}],"predecessor-version":[{"id":725,"href":"https:\/\/staging.foodgenius.de\/index.php?rest_route=\/wp\/v2\/pages\/436\/revisions\/725"}],"wp:attachment":[{"href":"https:\/\/staging.foodgenius.de\/index.php?rest_route=%2Fwp%2Fv2%2Fmedia&parent=436"}],"curies":[{"name":"wp","href":"https:\/\/api.w.org\/{rel}","templated":true}]}}