{"id":440,"date":"2025-10-27T07:44:29","date_gmt":"2025-10-27T07:44:29","guid":{"rendered":"https:\/\/staging.foodgenius.de\/?page_id=440"},"modified":"2025-11-11T17:32:11","modified_gmt":"2025-11-11T17:32:11","slug":"team","status":"publish","type":"page","link":"https:\/\/staging.foodgenius.de\/?page_id=440","title":{"rendered":"Team"},"content":{"rendered":"<!-- wp:themify-builder\/canvas \/-->","protected":false},"excerpt":{"rendered":"","protected":false},"author":1,"featured_media":0,"parent":0,"menu_order":0,"comment_status":"closed","ping_status":"closed","template":"","meta":{"content-type":"","footnotes":""},"class_list":["post-440","page","type-page","status-publish","hentry","has-post-title","has-post-date","has-post-category","has-post-tag","has-post-comment","has-post-author",""],"yoast_head":"<!-- This site is optimized with the Yoast SEO plugin v27.4 - https:\/\/yoast.com\/product\/yoast-seo-wordpress\/ -->\n<title>Team - FoodGenius\u00b2 - Dein smarter Restaurant Manager<\/title>\n<meta name=\"robots\" content=\"index, follow, max-snippet:-1, max-image-preview:large, max-video-preview:-1\" \/>\n<link rel=\"canonical\" href=\"https:\/\/staging.foodgenius.de\/?page_id=440\" \/>\n<meta property=\"og:locale\" content=\"de_DE\" \/>\n<meta property=\"og:type\" content=\"article\" \/>\n<meta property=\"og:title\" content=\"Team - FoodGenius\u00b2 - Dein smarter Restaurant Manager\" \/>\n<meta property=\"og:url\" content=\"https:\/\/staging.foodgenius.de\/?page_id=440\" \/>\n<meta property=\"og:site_name\" content=\"FoodGenius\u00b2 - Dein smarter Restaurant Manager\" \/>\n<meta property=\"article:modified_time\" content=\"2025-11-11T17:32:11+00:00\" \/>\n<meta property=\"og:image\" content=\"https:\/\/staging.foodgenius.de\/wp-content\/uploads\/2025\/10\/face8.jpg\" \/>\n\t<meta property=\"og:image:width\" content=\"500\" \/>\n\t<meta property=\"og:image:height\" content=\"500\" \/>\n\t<meta property=\"og:image:type\" content=\"image\/jpeg\" \/>\n<meta name=\"twitter:card\" content=\"summary_large_image\" \/>\n<script type=\"application\/ld+json\" class=\"yoast-schema-graph\">{\"@context\":\"https:\\\/\\\/schema.org\",\"@graph\":[{\"@type\":\"WebPage\",\"@id\":\"https:\\\/\\\/staging.foodgenius.de\\\/?page_id=440\",\"url\":\"https:\\\/\\\/staging.foodgenius.de\\\/?page_id=440\",\"name\":\"Team - FoodGenius\u00b2 - Dein smarter Restaurant Manager\",\"isPartOf\":{\"@id\":\"https:\\\/\\\/staging.foodgenius.de\\\/#website\"},\"primaryImageOfPage\":{\"@id\":\"https:\\\/\\\/staging.foodgenius.de\\\/?page_id=440#primaryimage\"},\"image\":{\"@id\":\"https:\\\/\\\/staging.foodgenius.de\\\/?page_id=440#primaryimage\"},\"thumbnailUrl\":\"https:\\\/\\\/staging.foodgenius.de\\\/wp-content\\\/uploads\\\/2025\\\/10\\\/face8.jpg\",\"datePublished\":\"2025-10-27T07:44:29+00:00\",\"dateModified\":\"2025-11-11T17:32:11+00:00\",\"breadcrumb\":{\"@id\":\"https:\\\/\\\/staging.foodgenius.de\\\/?page_id=440#breadcrumb\"},\"inLanguage\":\"de\",\"potentialAction\":[{\"@type\":\"ReadAction\",\"target\":[\"https:\\\/\\\/staging.foodgenius.de\\\/?page_id=440\"]}]},{\"@type\":\"ImageObject\",\"inLanguage\":\"de\",\"@id\":\"https:\\\/\\\/staging.foodgenius.de\\\/?page_id=440#primaryimage\",\"url\":\"https:\\\/\\\/staging.foodgenius.de\\\/wp-content\\\/uploads\\\/2025\\\/10\\\/face8.jpg\",\"contentUrl\":\"https:\\\/\\\/staging.foodgenius.de\\\/wp-content\\\/uploads\\\/2025\\\/10\\\/face8.jpg\",\"width\":500,\"height\":500},{\"@type\":\"BreadcrumbList\",\"@id\":\"https:\\\/\\\/staging.foodgenius.de\\\/?page_id=440#breadcrumb\",\"itemListElement\":[{\"@type\":\"ListItem\",\"position\":1,\"name\":\"Startseite\",\"item\":\"https:\\\/\\\/staging.foodgenius.de\\\/\"},{\"@type\":\"ListItem\",\"position\":2,\"name\":\"Team\"}]},{\"@type\":\"WebSite\",\"@id\":\"https:\\\/\\\/staging.foodgenius.de\\\/#website\",\"url\":\"https:\\\/\\\/staging.foodgenius.de\\\/\",\"name\":\"FoodGenius\u00b2 - Dein smarter Restaurant Manager\",\"description\":\"\",\"potentialAction\":[{\"@type\":\"SearchAction\",\"target\":{\"@type\":\"EntryPoint\",\"urlTemplate\":\"https:\\\/\\\/staging.foodgenius.de\\\/?s={search_term_string}\"},\"query-input\":{\"@type\":\"PropertyValueSpecification\",\"valueRequired\":true,\"valueName\":\"search_term_string\"}}],\"inLanguage\":\"de\"}]}<\/script>\n<!-- \/ Yoast SEO plugin. -->","yoast_head_json":{"title":"Team - FoodGenius\u00b2 - Dein smarter Restaurant Manager","robots":{"index":"index","follow":"follow","max-snippet":"max-snippet:-1","max-image-preview":"max-image-preview:large","max-video-preview":"max-video-preview:-1"},"canonical":"https:\/\/staging.foodgenius.de\/?page_id=440","og_locale":"de_DE","og_type":"article","og_title":"Team - FoodGenius\u00b2 - Dein smarter Restaurant Manager","og_url":"https:\/\/staging.foodgenius.de\/?page_id=440","og_site_name":"FoodGenius\u00b2 - Dein smarter Restaurant Manager","article_modified_time":"2025-11-11T17:32:11+00:00","og_image":[{"width":500,"height":500,"url":"https:\/\/staging.foodgenius.de\/wp-content\/uploads\/2025\/10\/face8.jpg","type":"image\/jpeg"}],"twitter_card":"summary_large_image","schema":{"@context":"https:\/\/schema.org","@graph":[{"@type":"WebPage","@id":"https:\/\/staging.foodgenius.de\/?page_id=440","url":"https:\/\/staging.foodgenius.de\/?page_id=440","name":"Team - FoodGenius\u00b2 - Dein smarter Restaurant Manager","isPartOf":{"@id":"https:\/\/staging.foodgenius.de\/#website"},"primaryImageOfPage":{"@id":"https:\/\/staging.foodgenius.de\/?page_id=440#primaryimage"},"image":{"@id":"https:\/\/staging.foodgenius.de\/?page_id=440#primaryimage"},"thumbnailUrl":"https:\/\/staging.foodgenius.de\/wp-content\/uploads\/2025\/10\/face8.jpg","datePublished":"2025-10-27T07:44:29+00:00","dateModified":"2025-11-11T17:32:11+00:00","breadcrumb":{"@id":"https:\/\/staging.foodgenius.de\/?page_id=440#breadcrumb"},"inLanguage":"de","potentialAction":[{"@type":"ReadAction","target":["https:\/\/staging.foodgenius.de\/?page_id=440"]}]},{"@type":"ImageObject","inLanguage":"de","@id":"https:\/\/staging.foodgenius.de\/?page_id=440#primaryimage","url":"https:\/\/staging.foodgenius.de\/wp-content\/uploads\/2025\/10\/face8.jpg","contentUrl":"https:\/\/staging.foodgenius.de\/wp-content\/uploads\/2025\/10\/face8.jpg","width":500,"height":500},{"@type":"BreadcrumbList","@id":"https:\/\/staging.foodgenius.de\/?page_id=440#breadcrumb","itemListElement":[{"@type":"ListItem","position":1,"name":"Startseite","item":"https:\/\/staging.foodgenius.de\/"},{"@type":"ListItem","position":2,"name":"Team"}]},{"@type":"WebSite","@id":"https:\/\/staging.foodgenius.de\/#website","url":"https:\/\/staging.foodgenius.de\/","name":"FoodGenius\u00b2 - Dein smarter Restaurant Manager","description":"","potentialAction":[{"@type":"SearchAction","target":{"@type":"EntryPoint","urlTemplate":"https:\/\/staging.foodgenius.de\/?s={search_term_string}"},"query-input":{"@type":"PropertyValueSpecification","valueRequired":true,"valueName":"search_term_string"}}],"inLanguage":"de"}]}},"builder_content":"<h1>Unser Team<br\/><\/h1>\n<h6>Unser Team hat nur eins im Sinn: genial effizient sein. T\u00e4glich mehr Umsatz und mehr<br>Spa\u00df im Restaurant und Lieferservice: nur m\u00f6glich mit einem genialen Team, das mit einem hohen Anspruch an sich selbst t\u00e4glich am Produkt schraubt, damit es Dir, dem Gastronomen und Unternehmer, die gr\u00f6\u00dftm\u00f6gliche Freiheit gibt, Deine Leidenschaft zu leben. Der eigentliche SuperHeld, das wissen wir, bist Du. Wir freuen uns darauf, Dich kennenzulernen.<\/h6>\n<img src=\"https:\/\/staging.foodgenius.de\/wp-content\/uploads\/2025\/10\/face8.jpg\" title=\"face8\" alt=\"face8\" srcset=\"https:\/\/staging.foodgenius.de\/wp-content\/uploads\/2025\/10\/face8.jpg 500w, https:\/\/staging.foodgenius.de\/wp-content\/uploads\/2025\/10\/face8-300x300.jpg 300w, https:\/\/staging.foodgenius.de\/wp-content\/uploads\/2025\/10\/face8-150x150.jpg 150w, https:\/\/staging.foodgenius.de\/wp-content\/uploads\/2025\/10\/face8-100x100.jpg 100w\" sizes=\"(max-width: 500px) 100vw, 500px\" \/>\n<h3>Unsers Geschicht'<\/h3> <p>Lorem ipsum dolor sit amet, consetetur sadipscing elitr, sed diam nonumy eirmod tempor invidunt ut labore et dolore magna aliquyam erat, sed diam voluptua. At vero eos et accusam et justo duo dolores et ea rebum. Stet clita kasd gubergren, no sea takimata sanctus est Lorem ipsum dolor sit amet. Lorem ipsum dolor sit amet, consetetur sadipscing elitr, sed diam nonumy eirmod tempor invidunt ut labore et dolore magna aliquyam erat, sed diam voluptua. At vero eos et accusam et justo duo dolores et ea rebum. Stet clita kasd gubergren, no sea takimata sanctus est Lorem ipsum dolor sit amet.<\/p>\n<a href=\"https:\/\/themify.me\/\" > Dunnerkeil! <\/a>\n<img src=\"https:\/\/staging.foodgenius.de\/wp-content\/uploads\/2025\/10\/face5-2.jpg\" title=\"face5-2\" alt=\"face5-2\" srcset=\"https:\/\/staging.foodgenius.de\/wp-content\/uploads\/2025\/10\/face5-2.jpg 500w, https:\/\/staging.foodgenius.de\/wp-content\/uploads\/2025\/10\/face5-2-300x300.jpg 300w, https:\/\/staging.foodgenius.de\/wp-content\/uploads\/2025\/10\/face5-2-150x150.jpg 150w, https:\/\/staging.foodgenius.de\/wp-content\/uploads\/2025\/10\/face5-2-290x290.jpg 290w\" sizes=\"(max-width: 500px) 100vw, 500px\" \/>\n<h3 style=\"text-align: center;\">Unser Team<\/h3>\n<img src=\"https:\/\/staging.foodgenius.de\/wp-content\/uploads\/2025\/11\/d70e3c157941443eb4f0f411b58d5cd2-150x150.webp\" width=\"150\" height=\"150\" title=\"Bob Kelso\" alt=\"Lorem ipsum dolor sit amet, consectetur adipiscing elit, sed do incididunt ut labore et dolore magna.\"> <h3> Bob Kelso <\/h3> Lorem ipsum dolor sit amet, consectetur adipiscing elit, sed do incididunt ut labore et dolore magna.\n<a href=\"https:\/\/twitter.com\/themify\"> <em ><svg xmlns:xlink=\"http:\/\/www.w3.org\/1999\/xlink\" aria-hidden=\"true\"><use href=\"#tf-ti-twitter-alt\" xlink:href=\"#tf-ti-twitter-alt\"><\/use><\/svg><\/em> <\/a> <a href=\"https:\/\/facebook.com\/themify\"> <em ><svg xmlns:xlink=\"http:\/\/www.w3.org\/1999\/xlink\" aria-hidden=\"true\"><use href=\"#tf-ti-facebook\" xlink:href=\"#tf-ti-facebook\"><\/use><\/svg><\/em> <\/a> <a href=\"https:\/\/www.linkedin.com\/company\/themify\/about\/\"> <em ><svg xmlns:xlink=\"http:\/\/www.w3.org\/1999\/xlink\" aria-hidden=\"true\"><use href=\"#tf-ti-linkedin\" xlink:href=\"#tf-ti-linkedin\"><\/use><\/svg><\/em> <\/a>\n<img src=\"https:\/\/staging.foodgenius.de\/wp-content\/uploads\/2025\/11\/S6-HQ-Cox-150x150.webp\" width=\"150\" height=\"150\" title=\"Perry Cox\" alt=\"Lorem ipsum dolor sit amet, consectetur adipiscing elit, sed do incididunt ut labore et dolore magna.\"> <h3> Perry Cox <\/h3> Lorem ipsum dolor sit amet, consectetur adipiscing elit, sed do incididunt ut labore et dolore magna.\n<a href=\"https:\/\/twitter.com\/themify\"> <em ><svg xmlns:xlink=\"http:\/\/www.w3.org\/1999\/xlink\" aria-hidden=\"true\"><use href=\"#tf-ti-twitter-alt\" xlink:href=\"#tf-ti-twitter-alt\"><\/use><\/svg><\/em> <\/a> <a href=\"https:\/\/facebook.com\/themify\"> <em ><svg xmlns:xlink=\"http:\/\/www.w3.org\/1999\/xlink\" aria-hidden=\"true\"><use href=\"#tf-ti-facebook\" xlink:href=\"#tf-ti-facebook\"><\/use><\/svg><\/em> <\/a> <a href=\"https:\/\/www.linkedin.com\/company\/themify\/about\/\"> <em ><svg xmlns:xlink=\"http:\/\/www.w3.org\/1999\/xlink\" aria-hidden=\"true\"><use href=\"#tf-ti-linkedin\" xlink:href=\"#tf-ti-linkedin\"><\/use><\/svg><\/em> <\/a>\n<img src=\"https:\/\/staging.foodgenius.de\/wp-content\/uploads\/2025\/11\/Ted-1024x768-150x150.jpg\" width=\"150\" height=\"150\" title=\"Ted Buckland\" alt=\"Lorem ipsum dolor sit amet, consectetur adipiscing elit, sed do incididunt ut labore et dolore magna.\"> <h3> Ted Buckland <\/h3> Lorem ipsum dolor sit amet, consectetur adipiscing elit, sed do incididunt ut labore et dolore magna.\n<a href=\"https:\/\/twitter.com\/themify\"> <em ><svg xmlns:xlink=\"http:\/\/www.w3.org\/1999\/xlink\" aria-hidden=\"true\"><use href=\"#tf-ti-twitter-alt\" xlink:href=\"#tf-ti-twitter-alt\"><\/use><\/svg><\/em> <\/a> <a href=\"https:\/\/facebook.com\/themify\"> <em ><svg xmlns:xlink=\"http:\/\/www.w3.org\/1999\/xlink\" aria-hidden=\"true\"><use href=\"#tf-ti-facebook\" xlink:href=\"#tf-ti-facebook\"><\/use><\/svg><\/em> <\/a> <a href=\"https:\/\/www.linkedin.com\/company\/themify\/about\/\"> <em ><svg xmlns:xlink=\"http:\/\/www.w3.org\/1999\/xlink\" aria-hidden=\"true\"><use href=\"#tf-ti-linkedin\" xlink:href=\"#tf-ti-linkedin\"><\/use><\/svg><\/em> <\/a>","_links":{"self":[{"href":"https:\/\/staging.foodgenius.de\/index.php?rest_route=\/wp\/v2\/pages\/440","targetHints":{"allow":["GET"]}}],"collection":[{"href":"https:\/\/staging.foodgenius.de\/index.php?rest_route=\/wp\/v2\/pages"}],"about":[{"href":"https:\/\/staging.foodgenius.de\/index.php?rest_route=\/wp\/v2\/types\/page"}],"author":[{"embeddable":true,"href":"https:\/\/staging.foodgenius.de\/index.php?rest_route=\/wp\/v2\/users\/1"}],"replies":[{"embeddable":true,"href":"https:\/\/staging.foodgenius.de\/index.php?rest_route=%2Fwp%2Fv2%2Fcomments&post=440"}],"version-history":[{"count":14,"href":"https:\/\/staging.foodgenius.de\/index.php?rest_route=\/wp\/v2\/pages\/440\/revisions"}],"predecessor-version":[{"id":713,"href":"https:\/\/staging.foodgenius.de\/index.php?rest_route=\/wp\/v2\/pages\/440\/revisions\/713"}],"wp:attachment":[{"href":"https:\/\/staging.foodgenius.de\/index.php?rest_route=%2Fwp%2Fv2%2Fmedia&parent=440"}],"curies":[{"name":"wp","href":"https:\/\/api.w.org\/{rel}","templated":true}]}}